{"id":839,"date":"2014-01-18T19:00:49","date_gmt":"2014-01-18T18:00:49","guid":{"rendered":"http:\/\/www.klvcelle.de\/?page_id=839"},"modified":"2014-10-14T09:24:17","modified_gmt":"2014-10-14T07:24:17","slug":"veranstaltungsergebnisse-2014","status":"publish","type":"page","link":"https:\/\/www.klvcelle.de\/?page_id=839","title":{"rendered":"Veranstaltungsergebnisse 2014"},"content":{"rendered":"<p><a href=\"https:\/\/www.klvcelle.de\/?page_id=841\">18.01.2014 Kreismeisterschaften Cross- und Waldlauf in Offen<\/a><br \/>\n<a href=\"https:\/\/www.klvcelle.de\/?page_id=921\">27.04.2014 Kreismeisterschaften Wurf in Soltau<\/a><br \/>\n<a href=\"https:\/\/www.klvcelle.de\/?page_id=937\">17.05.2014 Landesoffenes Laufmeeting 800m und 3000m in Unterl\u00fc\u00df<\/a><br \/>\n<a href=\"https:\/\/www.klvcelle.de\/?page_id=940\">17.05.2014 Kreismeisterschaften 800m und 3000m in Unterl\u00fc\u00df<\/a><br \/>\n<a href=\"https:\/\/www.klvcelle.de\/?page_id=966\">29.05.2014 5. Landesoffener Sprintcup und Stabhochsprungtag in Nienhagen<\/a><br \/>\n<a href=\"https:\/\/www.klvcelle.de\/?page_id=1018\">14-15.06.2014 Landesmeisterschaften Senioren in Celle<\/a><br \/>\n<a href=\"https:\/\/www.klvcelle.de\/?page_id=1020\">14-15.06.2014 Norddeutsche Meisterschaften Senioren in Celle<\/a><br \/>\n<a href=\"https:\/\/www.klvcelle.de\/?page_id=1052\">05.07.2014 Kreismeisterschaften Sch\u00fcler Mehrkampf in Lachendorf<\/a><br \/>\n<a href=\"https:\/\/www.klvcelle.de\/?page_id=1063\">16.07.2014 Bestenwettk\u00e4mpfe Celler Schulen<\/a><br \/>\n<a href=\"https:\/\/www.klvcelle.de\/?page_id=1094\">26.07.2014 Kreismeisterschaften Einzel und Staffel U16 in Celle<\/a><br \/>\n<a href=\"https:\/\/www.klvcelle.de\/?page_id=1109\">30.07.2014 8. School\u00b4s out Hindernistag in Nienhagen<\/a><br \/>\n<a href=\"https:\/\/www.klvcelle.de\/?page_id=1114\">06.08.2014 Kreismeisterschaften M\u00e4nner\/Frauen U20-U18\/M\/W<\/a><br \/>\n<a href=\"https:\/\/www.klvcelle.de\/?page_id=1155\">20.09.2014 25. Landesoffenes Herbstsportfest Otto-Schade-Sportanlage in Celle<\/a><br \/>\n<a href=\"https:\/\/www.klvcelle.de\/?page_id=1174\">28.09.2014 Kreisvergleichkampf Heide<\/a><br \/>\n<a href=\"https:\/\/www.klvcelle.de\/?page_id=1180\">11.10.2014 Landesoffener Langstreckenl\u00e4uferabend mit Kreismeisterschaften in Unterl\u00fc\u00df <\/a><\/p>\n","protected":false},"excerpt":{"rendered":"<p>18.01.2014 Kreismeisterschaften Cross- und Waldlauf in Offen 27.04.2014 Kreismeisterschaften Wurf in Soltau 17.05.2014 Landesoffenes Laufmeeting 800m und 3000m in Unterl\u00fc\u00df 17.05.2014 Kreismeisterschaften 800m und 3000m in Unterl\u00fc\u00df 29.05.2014 5. Landesoffener Sprintcup und Stabhochsprungtag in Nienhagen 14-15.06.2014 Landesmeisterschaften Senioren in Celle &hellip; <a href=\"https:\/\/www.klvcelle.de\/?page_id=839\">Continue reading <span class=\"meta-nav\">&rarr;<\/span><\/a><\/p>\n","protected":false},"author":1,"featured_media":0,"parent":0,"menu_order":0,"comment_status":"closed","ping_status":"closed","template":"","meta":{"ngg_post_thumbnail":0,"footnotes":""},"class_list":["post-839","page","type-page","status-publish","hentry"],"_links":{"self":[{"href":"https:\/\/www.klvcelle.de\/index.php?rest_route=\/wp\/v2\/pages\/839","targetHints":{"allow":["GET"]}}],"collection":[{"href":"https:\/\/www.klvcelle.de\/index.php?rest_route=\/wp\/v2\/pages"}],"about":[{"href":"https:\/\/www.klvcelle.de\/index.php?rest_route=\/wp\/v2\/types\/page"}],"author":[{"embeddable":true,"href":"https:\/\/www.klvcelle.de\/index.php?rest_route=\/wp\/v2\/users\/1"}],"replies":[{"embeddable":true,"href":"https:\/\/www.klvcelle.de\/index.php?rest_route=%2Fwp%2Fv2%2Fcomments&post=839"}],"version-history":[{"count":0,"href":"https:\/\/www.klvcelle.de\/index.php?rest_route=\/wp\/v2\/pages\/839\/revisions"}],"wp:attachment":[{"href":"https:\/\/www.klvcelle.de\/index.php?rest_route=%2Fwp%2Fv2%2Fmedia&parent=839"}],"curies":[{"name":"wp","href":"https:\/\/api.w.org\/{rel}","templated":true}]}}