{"id":28,"date":"2013-07-19T14:09:18","date_gmt":"2013-07-19T14:09:18","guid":{"rendered":"http:\/\/cms.klvcelle.de\/?page_id=28"},"modified":"2013-07-19T14:11:31","modified_gmt":"2013-07-19T14:11:31","slug":"28-2","status":"publish","type":"page","link":"https:\/\/www.klvcelle.de\/?page_id=28","title":{"rendered":"Impressum"},"content":{"rendered":"<p><strong>Kreis Leichtathletik Verband Celle e.V.<\/strong><\/p>\n<p>1. Vorsitzender<br \/>\nAndreas Ull<br \/>\nHagen 17<br \/>\n29303 Bergen \/ OT Hagen<br \/>\nullandreas(\u00e4t)aol.com*<\/p>\n<p><strong>Internetauftritt:<\/strong><br \/>\nStefan Kneip<br \/>\nwebmaster(\u00e4t)klvcelle.de*<\/p>\n<p>*Bitte ersetzen Sie das (\u00e4t) durch @<\/p>\n","protected":false},"excerpt":{"rendered":"<p>Kreis Leichtathletik Verband Celle e.V. 1. Vorsitzender Andreas Ull Hagen 17 29303 Bergen \/ OT Hagen ullandreas(\u00e4t)aol.com* Internetauftritt: Stefan Kneip webmaster(\u00e4t)klvcelle.de* *Bitte ersetzen Sie das (\u00e4t) durch @<\/p>\n","protected":false},"author":1,"featured_media":0,"parent":0,"menu_order":0,"comment_status":"closed","ping_status":"closed","template":"page-templates\/full-width.php","meta":{"ngg_post_thumbnail":0,"footnotes":""},"class_list":["post-28","page","type-page","status-publish","hentry"],"_links":{"self":[{"href":"https:\/\/www.klvcelle.de\/index.php?rest_route=\/wp\/v2\/pages\/28","targetHints":{"allow":["GET"]}}],"collection":[{"href":"https:\/\/www.klvcelle.de\/index.php?rest_route=\/wp\/v2\/pages"}],"about":[{"href":"https:\/\/www.klvcelle.de\/index.php?rest_route=\/wp\/v2\/types\/page"}],"author":[{"embeddable":true,"href":"https:\/\/www.klvcelle.de\/index.php?rest_route=\/wp\/v2\/users\/1"}],"replies":[{"embeddable":true,"href":"https:\/\/www.klvcelle.de\/index.php?rest_route=%2Fwp%2Fv2%2Fcomments&post=28"}],"version-history":[{"count":0,"href":"https:\/\/www.klvcelle.de\/index.php?rest_route=\/wp\/v2\/pages\/28\/revisions"}],"wp:attachment":[{"href":"https:\/\/www.klvcelle.de\/index.php?rest_route=%2Fwp%2Fv2%2Fmedia&parent=28"}],"curies":[{"name":"wp","href":"https:\/\/api.w.org\/{rel}","templated":true}]}}