{"id":2347,"date":"2018-12-18T12:11:20","date_gmt":"2018-12-18T11:11:20","guid":{"rendered":"http:\/\/www.klvcelle.de\/?page_id=2347"},"modified":"2019-08-28T07:45:55","modified_gmt":"2019-08-28T05:45:55","slug":"ausschreibungen-2019","status":"publish","type":"page","link":"https:\/\/www.klvcelle.de\/?page_id=2347","title":{"rendered":"Ausschreibungen 2019"},"content":{"rendered":"<p style=\"text-align: center;\"><strong>Ausschreibungen 2019<\/strong><\/p>\r\n<p><a href=\"https:\/\/www.klvcelle.de\/HTML-Wordpress\/Ausschreibungen\/2019\/20190126_Crosslauf_KM_2019.pdf\" target=\"_blank\" rel=\"noopener noreferrer\">26.01 Crosslauf f\u00fcr Jedermann mit KM in M\u00fcden\/\u00d6rtze<\/a><br \/><a href=\"https:\/\/www.klvcelle.de\/HTML-Wordpress\/Ausschreibungen\/2019\/20190126_Cross_BM_2019.pdf\" target=\"_blank\" rel=\"noopener noreferrer\">26.01 Crosslauf mit BM in M\u00fcden\/\u00d6rtze<\/a><br \/><a href=\"https:\/\/www.klvcelle.de\/HTML-Wordpress\/Ausschreibungen\/2019\/20190126_Crossstrecke_Mueden_2019.pdf\" target=\"_blank\" rel=\"noopener noreferrer\">Streckenplan<\/a><br \/><a href=\"https:\/\/www.klvcelle.de\/HTML-Wordpress\/Ausschreibungen\/2019\/20190518_landesoffenes_Laufmeeting_Unterluess.pdf\" target=\"_blank\" rel=\"noopener noreferrer\">18.05 landesoffenes Laufmeeting mit Kreismeisterschaften in Unterl\u00fc\u00df<\/a><br \/><a href=\"https:\/\/www.klvcelle.de\/HTML-Wordpress\/Ausschreibungen\/2019\/20190529_sprintcup_juniors_Nienhagen.pdf\" target=\"_blank\" rel=\"noopener noreferrer\">29.05 landesoffener 10. Juniors Sprintcup Nienhagen<\/a><br \/><a href=\"https:\/\/www.klvcelle.de\/HTML-Wordpress\/Ausschreibungen\/2019\/20190530_sprint_stab_Nienhagen.pdf\" target=\"_blank\" rel=\"noopener noreferrer\">30.05 landesoffener 10. Sprintcup\/Stabhochsprungcup Nienhagen<\/a><br \/><a href=\"https:\/\/www.klvcelle.de\/HTML-Wordpress\/Ausschreibungen\/2019\/20190615_KM_einzel_Celle.pdf\" target=\"_blank\" rel=\"noopener noreferrer\">15.06 Kreismeisterschaften Einzelwettbewerbe in Celle<\/a><br \/><a href=\"https:\/\/www.klvcelle.de\/HTML-Wordpress\/Ausschreibungen\/2019\/20190703_hindernis_Nienhagen.pdf\" target=\"_blank\" rel=\"noopener noreferrer\">03.07 13. \u201eSchool\u00b4s out\u201c 600m Hindernisl\u00e4ufe M\/W 6-17 in Nienhagen<\/a><br \/><a href=\"https:\/\/www.klvcelle.de\/HTML-Wordpress\/Ausschreibungen\/2019\/20190824_landesoffenes Langstreckenmeeting_Unterluess.pdf\" target=\"_blank\" rel=\"noopener noreferrer\">24.08 landesoffenes Langstreckenmeeting mit Kreismeisterschaften des KLV Celle <br \/>und Bezirksmeisterschaften 10.000 m in Unterl\u00fc\u00df<\/a><br \/><a href=\"https:\/\/www.klvcelle.de\/HTML-Wordpress\/Ausschreibungen\/2019\/20190824_landesoffene_Kreismeisterschaften3-und-4-Kampf.pdf target=\"_blank\" rel=\"noopener noreferrer\">24.08 landesoffene Kreismeisterschaften des KLV Celle im 3- und 4-Kampf U16 und j\u00fcnger in Unterl\u00fc\u00df<\/a><br \/><a href=\"https:\/\/www.klvcelle.de\/HTML-Wordpress\/Ausschreibungen\/2019\/20190921_Herbstsportfest.pdf\" target=\"_blank\" rel=\"noopener noreferrer\" >21.09 30. landesoffenes Herbstsportfest f\u00fcr Kinder U10\/12 und Jugend U 14\/16&nbsp; Celle Otto-Schade-Sportanlage<\/a><\/p>\r\n<!-- \/wp:paragraph --","protected":false},"excerpt":{"rendered":"<p>Ausschreibungen 2019 26.01 Crosslauf f\u00fcr Jedermann mit KM in M\u00fcden\/\u00d6rtze26.01 Crosslauf mit BM in M\u00fcden\/\u00d6rtzeStreckenplan18.05 landesoffenes Laufmeeting mit Kreismeisterschaften in Unterl\u00fc\u00df29.05 landesoffener 10. Juniors Sprintcup Nienhagen30.05 landesoffener 10. Sprintcup\/Stabhochsprungcup Nienhagen15.06 Kreismeisterschaften Einzelwettbewerbe in Celle03.07 13. \u201eSchool\u00b4s out\u201c 600m Hindernisl\u00e4ufe M\/W &hellip; <a href=\"https:\/\/www.klvcelle.de\/?page_id=2347\">Continue reading <span class=\"meta-nav\">&rarr;<\/span><\/a><\/p>\n","protected":false},"author":1,"featured_media":0,"parent":0,"menu_order":0,"comment_status":"closed","ping_status":"closed","template":"","meta":{"ngg_post_thumbnail":0,"footnotes":""},"class_list":["post-2347","page","type-page","status-publish","hentry"],"_links":{"self":[{"href":"https:\/\/www.klvcelle.de\/index.php?rest_route=\/wp\/v2\/pages\/2347","targetHints":{"allow":["GET"]}}],"collection":[{"href":"https:\/\/www.klvcelle.de\/index.php?rest_route=\/wp\/v2\/pages"}],"about":[{"href":"https:\/\/www.klvcelle.de\/index.php?rest_route=\/wp\/v2\/types\/page"}],"author":[{"embeddable":true,"href":"https:\/\/www.klvcelle.de\/index.php?rest_route=\/wp\/v2\/users\/1"}],"replies":[{"embeddable":true,"href":"https:\/\/www.klvcelle.de\/index.php?rest_route=%2Fwp%2Fv2%2Fcomments&post=2347"}],"version-history":[{"count":20,"href":"https:\/\/www.klvcelle.de\/index.php?rest_route=\/wp\/v2\/pages\/2347\/revisions"}],"predecessor-version":[{"id":2401,"href":"https:\/\/www.klvcelle.de\/index.php?rest_route=\/wp\/v2\/pages\/2347\/revisions\/2401"}],"wp:attachment":[{"href":"https:\/\/www.klvcelle.de\/index.php?rest_route=%2Fwp%2Fv2%2Fmedia&parent=2347"}],"curies":[{"name":"wp","href":"https:\/\/api.w.org\/{rel}","templated":true}]}}